Dec 02 14:47:48.748 INFO testing tabelog_searcher-0.1.0 against master#8940af3cea4a9a9deabcaf843b2f8cad9a83fc61 for beta-1.31-5
Dec 02 14:47:48.748 INFO running `"docker" "create" "-v" "/mnt/big/crater/work/local/target-dirs/beta-1.31-5/worker-1/master#8940af3cea4a9a9deabcaf843b2f8cad9a83fc61:/target:rw,Z" "-v" "/mnt/big/crater/work/local/test-source/worker-1/beta-1.31-5/master#8940af3cea4a9a9deabcaf843b2f8cad9a83fc61:/source:ro,Z" "-v" "/mnt/big/crater/work/local/cargo-home:/cargo-home:ro,Z" "-v" "/mnt/big/crater/work/local/rustup-home:/rustup-home:ro,Z" "-e" "USER_ID=1000" "-e" "SOURCE_DIR=/source" "-e" "USER_ID=1000" "-e" "CMD=cargo +8940af3cea4a9a9deabcaf843b2f8cad9a83fc61-alt build --frozen" "-e" "CARGO_TARGET_DIR=/target" "-e" "CARGO_INCREMENTAL=0" "-e" "RUST_BACKTRACE=full" "-e" "RUSTFLAGS=--cap-lints=warn" "-e" "CARGO_HOME=/cargo-home" "-e" "RUSTUP_HOME=/rustup-home" "-m" "1536M" "--network" "none" "crater"`
Dec 02 14:47:49.136 INFO [stdout] 3730cca6918f0298d09937399341175630c8fd5dd92b9cc267b029769364e773
Dec 02 14:47:49.138 INFO running `"docker" "start" "-a" "3730cca6918f0298d09937399341175630c8fd5dd92b9cc267b029769364e773"`
Dec 02 14:47:50.987 INFO [stderr] usermod: no changes
Dec 02 14:47:51.231 INFO [stderr]    Compiling tabelog_searcher v0.1.0 (/source)
Dec 02 14:47:55.095 INFO [stderr]     Finished dev [unoptimized + debuginfo] target(s) in 4.06s
Dec 02 14:47:55.104 INFO [stderr] su: No module specific data is present
Dec 02 14:47:56.017 INFO running `"docker" "inspect" "3730cca6918f0298d09937399341175630c8fd5dd92b9cc267b029769364e773"`
Dec 02 14:47:56.277 INFO running `"docker" "rm" "-f" "3730cca6918f0298d09937399341175630c8fd5dd92b9cc267b029769364e773"`
Dec 02 14:47:56.582 INFO [stdout] 3730cca6918f0298d09937399341175630c8fd5dd92b9cc267b029769364e773
Dec 02 14:47:56.591 INFO running `"docker" "create" "-v" "/mnt/big/crater/work/local/target-dirs/beta-1.31-5/worker-1/master#8940af3cea4a9a9deabcaf843b2f8cad9a83fc61:/target:rw,Z" "-v" "/mnt/big/crater/work/local/test-source/worker-1/beta-1.31-5/master#8940af3cea4a9a9deabcaf843b2f8cad9a83fc61:/source:ro,Z" "-v" "/mnt/big/crater/work/local/cargo-home:/cargo-home:ro,Z" "-v" "/mnt/big/crater/work/local/rustup-home:/rustup-home:ro,Z" "-e" "USER_ID=1000" "-e" "SOURCE_DIR=/source" "-e" "USER_ID=1000" "-e" "CMD=cargo +8940af3cea4a9a9deabcaf843b2f8cad9a83fc61-alt test --frozen --no-run" "-e" "CARGO_TARGET_DIR=/target" "-e" "CARGO_INCREMENTAL=0" "-e" "RUST_BACKTRACE=full" "-e" "RUSTFLAGS=--cap-lints=warn" "-e" "CARGO_HOME=/cargo-home" "-e" "RUSTUP_HOME=/rustup-home" "-m" "1536M" "--network" "none" "crater"`
Dec 02 14:47:57.086 INFO [stdout] 7edcd6f0bb54093609f05cb8bc325137db454f7b94572e03cfc1535c36bc4c27
Dec 02 14:47:57.089 INFO running `"docker" "start" "-a" "7edcd6f0bb54093609f05cb8bc325137db454f7b94572e03cfc1535c36bc4c27"`
Dec 02 14:47:58.991 INFO [stderr] usermod: no changes
Dec 02 14:47:59.174 INFO [stderr]    Compiling tabelog_searcher v0.1.0 (/source)
Dec 02 14:48:05.827 INFO [stderr]     Finished dev [unoptimized + debuginfo] target(s) in 6.80s
Dec 02 14:48:05.836 INFO [stderr] su: No module specific data is present
Dec 02 14:48:06.650 INFO running `"docker" "inspect" "7edcd6f0bb54093609f05cb8bc325137db454f7b94572e03cfc1535c36bc4c27"`
Dec 02 14:48:06.867 INFO running `"docker" "rm" "-f" "7edcd6f0bb54093609f05cb8bc325137db454f7b94572e03cfc1535c36bc4c27"`
Dec 02 14:48:07.003 INFO [stdout] 7edcd6f0bb54093609f05cb8bc325137db454f7b94572e03cfc1535c36bc4c27
Dec 02 14:48:07.005 INFO running `"docker" "create" "-v" "/mnt/big/crater/work/local/target-dirs/beta-1.31-5/worker-1/master#8940af3cea4a9a9deabcaf843b2f8cad9a83fc61:/target:rw,Z" "-v" "/mnt/big/crater/work/local/test-source/worker-1/beta-1.31-5/master#8940af3cea4a9a9deabcaf843b2f8cad9a83fc61:/source:ro,Z" "-v" "/mnt/big/crater/work/local/cargo-home:/cargo-home:ro,Z" "-v" "/mnt/big/crater/work/local/rustup-home:/rustup-home:ro,Z" "-e" "USER_ID=1000" "-e" "SOURCE_DIR=/source" "-e" "USER_ID=1000" "-e" "CMD=cargo +8940af3cea4a9a9deabcaf843b2f8cad9a83fc61-alt test --frozen" "-e" "CARGO_TARGET_DIR=/target" "-e" "CARGO_INCREMENTAL=0" "-e" "RUST_BACKTRACE=full" "-e" "RUSTFLAGS=--cap-lints=warn" "-e" "CARGO_HOME=/cargo-home" "-e" "RUSTUP_HOME=/rustup-home" "-m" "1536M" "--network" "none" "crater"`
Dec 02 14:48:07.331 INFO [stdout] bfc9c90eee743bf1a9f61e910099f34b9189dce08bae41828c5ee4c66718c556
Dec 02 14:48:07.337 INFO running `"docker" "start" "-a" "bfc9c90eee743bf1a9f61e910099f34b9189dce08bae41828c5ee4c66718c556"`
Dec 02 14:48:08.151 INFO [stderr] usermod: no changes
Dec 02 14:48:08.299 INFO [stderr]     Finished dev [unoptimized + debuginfo] target(s) in 0.13s
Dec 02 14:48:08.301 INFO [stderr]      Running /target/debug/deps/tabelog_searcher-55666050ec41ee84
Dec 02 14:48:08.308 INFO [stdout] 
Dec 02 14:48:08.308 INFO [stdout] running 0 tests
Dec 02 14:48:08.308 INFO [stdout] 
Dec 02 14:48:08.308 INFO [stdout] test result: ok. 0 passed; 0 failed; 0 ignored; 0 measured; 0 filtered out
Dec 02 14:48:08.308 INFO [stdout] 
Dec 02 14:48:08.310 INFO [stderr]      Running /target/debug/deps/tabelog_searcher-f61de73824370257
Dec 02 14:48:08.327 INFO [stdout] 
Dec 02 14:48:08.327 INFO [stdout] running 1 test
Dec 02 14:48:08.421 INFO [stdout] test tabelog_searcher_tests::test_tabelog_searcher ... FAILED
Dec 02 14:48:08.421 INFO [stderr] error: test failed, to rerun pass '--test tabelog_searcher'
Dec 02 14:48:08.421 INFO [stdout] 
Dec 02 14:48:08.421 INFO [stdout] failures:
Dec 02 14:48:08.421 INFO [stdout] 
Dec 02 14:48:08.421 INFO [stdout] ---- tabelog_searcher_tests::test_tabelog_searcher stdout ----
Dec 02 14:48:08.421 INFO [stdout] thread 'tabelog_searcher_tests::test_tabelog_searcher' panicked at 'called `Result::unwrap()` on an `Err` value: Io(Custom { kind: Other, error: StringError("failed to lookup address information: Temporary failure in name resolution") })', libcore/result.rs:1009:5
Dec 02 14:48:08.421 INFO [stdout] stack backtrace:
Dec 02 14:48:08.421 INFO [stdout]    0:     0x56033d0f985f - std::sys::unix::backtrace::tracing::imp::unwind_backtrace::h3a8b83e1922cbdde
Dec 02 14:48:08.421 INFO [stdout]                                at libstd/sys/unix/backtrace/tracing/gcc_s.rs:49
Dec 02 14:48:08.421 INFO [stdout]    1:     0x56033d102f87 - std::sys_common::backtrace::print::h00d3155a29b4020f
Dec 02 14:48:08.421 INFO [stdout]                                at libstd/sys_common/backtrace.rs:71
Dec 02 14:48:08.421 INFO [stdout]                                at libstd/sys_common/backtrace.rs:59
Dec 02 14:48:08.422 INFO [stdout]    2:     0x56033d0fda5f - std::panicking::default_hook::{{closure}}::hd7465c742e79e1bb
Dec 02 14:48:08.422 INFO [stdout]                                at libstd/panicking.rs:211
Dec 02 14:48:08.422 INFO [stdout]    3:     0x56033d0fd75e - std::panicking::default_hook::h9e3966f2aa2a6e12
Dec 02 14:48:08.422 INFO [stdout]                                at libstd/panicking.rs:221
Dec 02 14:48:08.422 INFO [stdout]    4:     0x56033d0fe13e - std::panicking::rust_panic_with_hook::h587f091ae747d080
Dec 02 14:48:08.422 INFO [stdout]                                at libstd/panicking.rs:476
Dec 02 14:48:08.422 INFO [stdout]    5:     0x56033d0fdce1 - std::panicking::continue_panic_fmt::hb3a4fdede87f43a8
Dec 02 14:48:08.422 INFO [stdout]                                at libstd/panicking.rs:390
Dec 02 14:48:08.422 INFO [stdout]    6:     0x56033d0fdbc5 - rust_begin_unwind
Dec 02 14:48:08.422 INFO [stdout]                                at libstd/panicking.rs:325
Dec 02 14:48:08.422 INFO [stdout]    7:     0x56033d13f01c - core::panicking::panic_fmt::h6f9cebf5e7474a0b
Dec 02 14:48:08.422 INFO [stdout]                                at libcore/panicking.rs:77
Dec 02 14:48:08.422 INFO [stdout]    8:     0x56033ce88de0 - core::result::unwrap_failed::hd9129ec8b34dd5cd
Dec 02 14:48:08.422 INFO [stdout]                                at libcore/macros.rs:26
Dec 02 14:48:08.422 INFO [stdout]    9:     0x56033ce5410f - <core::result::Result<T, E>>::unwrap::hb8a3c8d077a99c7a
Dec 02 14:48:08.422 INFO [stdout]                                at libcore/result.rs:808
Dec 02 14:48:08.422 INFO [stdout]   10:     0x56033ce56f1c - tabelog_searcher::tabelog::tabelog_source::TabelogSource::get_source::hdab8efbb33bd3685
Dec 02 14:48:08.422 INFO [stdout]                                at src/tabelog/tabelog_source.rs:25
Dec 02 14:48:08.422 INFO [stdout]   11:     0x56033ce4ce97 - tabelog_searcher::tabelog::tabelog_client::TabelogClient::search::h629398f4ec63bd09
Dec 02 14:48:08.422 INFO [stdout]                                at src/tabelog/tabelog_client.rs:17
Dec 02 14:48:08.422 INFO [stdout]   12:     0x56033ce08f4a - tabelog_searcher::tabelog_searcher_tests::test_tabelog_searcher::h7d1e09a11496f3b1
Dec 02 14:48:08.422 INFO [stdout]                                at tests/tabelog_searcher.rs:18
Dec 02 14:48:08.422 INFO [stdout]   13:     0x56033ce08ec9 - tabelog_searcher::tabelog_searcher_tests::test_tabelog_searcher::{{closure}}::hb1ea48b803b45f40
Dec 02 14:48:08.422 INFO [stdout]                                at tests/tabelog_searcher.rs:16
Dec 02 14:48:08.422 INFO [stdout]   14:     0x56033ce088cd - core::ops::function::FnOnce::call_once::hfa407756750ca6a5
Dec 02 14:48:08.422 INFO [stdout]                                at libcore/ops/function.rs:238
Dec 02 14:48:08.422 INFO [stdout]   15:     0x56033ce0af2e - <F as alloc::boxed::FnBox<A>>::call_box::hac903f91577a156c
Dec 02 14:48:08.422 INFO [stdout]                                at libtest/lib.rs:1468
Dec 02 14:48:08.422 INFO [stdout]                                at libcore/ops/function.rs:238
Dec 02 14:48:08.422 INFO [stdout]                                at liballoc/boxed.rs:672
Dec 02 14:48:08.422 INFO [stdout]   16:     0x56033d10df39 - __rust_maybe_catch_panic
Dec 02 14:48:08.422 INFO [stdout]                                at libpanic_unwind/lib.rs:102
Dec 02 14:48:08.422 INFO [stdout]   17:     0x56033ce2cb82 - std::sys_common::backtrace::__rust_begin_short_backtrace::hb8f0d0309526c184
Dec 02 14:48:08.422 INFO [stdout]                                at libstd/panicking.rs:289
Dec 02 14:48:08.422 INFO [stdout]                                at libstd/panic.rs:392
Dec 02 14:48:08.422 INFO [stdout]                                at libtest/lib.rs:1423
Dec 02 14:48:08.422 INFO [stdout]                                at libstd/sys_common/backtrace.rs:136
Dec 02 14:48:08.422 INFO [stdout]   18:     0x56033ce2d634 - std::panicking::try::do_call::hc2f7c8b9a348d8db
Dec 02 14:48:08.422 INFO [stdout]                                at libstd/thread/mod.rs:409
Dec 02 14:48:08.422 INFO [stdout]                                at libstd/panic.rs:313
Dec 02 14:48:08.422 INFO [stdout]                                at libstd/panicking.rs:310
Dec 02 14:48:08.422 INFO [stdout]   19:     0x56033d10df39 - __rust_maybe_catch_panic
Dec 02 14:48:08.422 INFO [stdout]                                at libpanic_unwind/lib.rs:102
Dec 02 14:48:08.422 INFO [stdout]   20:     0x56033ce1a86c - <F as alloc::boxed::FnBox<A>>::call_box::h6bfded618e480b32
Dec 02 14:48:08.422 INFO [stdout]                                at libstd/panicking.rs:289
Dec 02 14:48:08.422 INFO [stdout]                                at libstd/panic.rs:392
Dec 02 14:48:08.422 INFO [stdout]                                at libstd/thread/mod.rs:408
Dec 02 14:48:08.422 INFO [stdout]                                at liballoc/boxed.rs:672
Dec 02 14:48:08.422 INFO [stdout]   21:     0x56033d0fb74d - std::sys_common::thread::start_thread::h4c28257d67cdf9cb
Dec 02 14:48:08.422 INFO [stdout]                                at liballoc/boxed.rs:682
Dec 02 14:48:08.422 INFO [stdout]                                at libstd/sys_common/thread.rs:24
Dec 02 14:48:08.422 INFO [stdout]   22:     0x56033d0ee945 - std::sys::unix::thread::Thread::new::thread_start::hfecb2e7eff8fd34f
Dec 02 14:48:08.422 INFO [stdout]                                at libstd/sys/unix/thread.rs:90
Dec 02 14:48:08.422 INFO [stdout]   23:     0x7fbe077476b9 - start_thread
Dec 02 14:48:08.422 INFO [stdout]   24:     0x7fbe0726741c - clone
Dec 02 14:48:08.422 INFO [stdout]   25:                0x0 - <unknown>
Dec 02 14:48:08.422 INFO [stdout] 
Dec 02 14:48:08.422 INFO [stdout] 
Dec 02 14:48:08.422 INFO [stdout] failures:
Dec 02 14:48:08.422 INFO [stdout]     tabelog_searcher_tests::test_tabelog_searcher
Dec 02 14:48:08.422 INFO [stdout] 
Dec 02 14:48:08.422 INFO [stdout] test result: FAILED. 0 passed; 1 failed; 0 ignored; 0 measured; 0 filtered out
Dec 02 14:48:08.422 INFO [stdout] 
Dec 02 14:48:08.423 INFO [stderr] su: No module specific data is present
Dec 02 14:48:08.915 INFO running `"docker" "inspect" "bfc9c90eee743bf1a9f61e910099f34b9189dce08bae41828c5ee4c66718c556"`
Dec 02 14:48:09.295 INFO running `"docker" "rm" "-f" "bfc9c90eee743bf1a9f61e910099f34b9189dce08bae41828c5ee4c66718c556"`
Dec 02 14:48:09.541 INFO [stdout] bfc9c90eee743bf1a9f61e910099f34b9189dce08bae41828c5ee4c66718c556
